. Is g prime?
True
Let i be ((-3)/9)/(1/(-3)). Let w be (-5 - 60/(-16))/(i/(-4)). Suppose -4*a - 3763 = -3*r, -w*r + 4*r - 4*a + 1265 = 0. Is r a composite number?
True
Suppose 284*x - 136083 = 281*x. Is x a composite number?
False
Let t(z) = z**3 - 3*z**2 + 2*z + 3. Let y be t(3). Let b = -24 + y. Let i(k) = -34*k - 9. Is i(b) a composite number?
True
Suppose -762794 = 34*t - 3756528. Is t composite?
True
Let z(c) = -13*c + 239. Let s be z(19). Let o(q) = -7*q**3 - 21*q**2 - 15*q - 27. Is o(s) prime?
True
Let r = -554 - -2456. Let h be (-3 + 0 + 4)/(3/r). Let o = -345 + h. Is o a prime number?
False
Suppose 17*y - 30220 = 15*y. Suppose 12*u - y = 10*u. Is u composite?
True
Let m = 13742 - -158702. Suppose 13*b - 104209 = m. Is b a composite number?
True
Let j be ((-10)/25)/((-2)/(-10)) + 7. Is (-1 + 1)/j + 7522 prime?
False
Suppose -2*g + 4*v = -28, -g + 2*g = 3*v + 19. Suppose 4567 = 2*b + q + 2*q, 2*q = -g*b + 9154. Is b a prime number?
False
Let b(y) = -4 - 3*y**2 + 2*y**2 + 1 - 3*y. Let u be b(-2). Is u + ((-4)/(-5))/(1/145) a composite number?
True
Let y be -1 - (-314)/3 - (-8)/24. Let w = y + -101. Suppose -w*z = -3*q - 2301, -3*q + 0*q = 3*z - 2277. Is z a prime number?
False
Let l be 24895/4 - (-2)/8. Let v = l - 3517. Is v composite?
False
Let y(j) = 793*j**2 + 9*j + 47. Let k be y(-5). Suppose 0 = 4*p - 13*p + k. Is p a prime number?
True
Suppose r - 2*g - 498355 = 0, 7896*r + 2*g = 7901*r - 2491799. Is r composite?
False
Is 532691/(770/330 + (-8)/6) composite?
False
Suppose 3032705 - 660890 = 27*g. Is g a composite number?
True
Suppose -333*q + 83612 = -329*q. Is q a composite number?
False
Let i be (-6 + 0)/(-7 + 5) + -1. Suppose -i*c + 0*u + 2718 = 2*u, -3*c - 4*u + 4075 = 0. Is c prime?
True
Let d be (4 + (-4)/1)/(12/(-4)). Suppose -5*i + 751 + 904 = d. Is i a prime number?
True
Suppose -4*t + 2*g + 1072938 = 0, 63*g + 1072968 = 4*t + 67*g. Is t composite?
False
Let j = 107568 - 48521. Is j a composite number?
True
Suppose 0 = -4*x + 4, 90*x - 88*x - 47437 = -5*o. Is o a prime number?
False
Let d = 14255 + 86904. Is d composite?
False
Let g = -905524 - -1400075. Is g a prime number?
False
Suppose -21 = 9*u + 24. Let d be 3/((-7566)/1515 - u). Let k = d - 304. Is k composite?
True
Is 775413 + 27/(27/(-16)) a composite number?
True
Let o be (-176)/1144*(1 - 27). Suppose -5371 = o*d - 65223. Is d prime?
False
Suppose -2*p = 3*y - 137819, 0 = 2*y + 2*p - 107178 + 15302. Is y a prime number?
True
Let b(m) = 160*m - 360*m + 163*m + 8. Is b(-15) a prime number?
True
Let h = 2 - 0. Suppose 25*x - 27*x = -2*c + 428, h*x = 4*c - 862. Is c prime?
False
Suppose -24 = -2*c - 3*c + 2*w, 4*c + 4*w - 36 = 0. Suppose c*h - 8*h = -4. Is (-6)/(-45) + h*(-9849)/(-90) composite?
True
Let g(l) = -l**3 - 70*l**2 + 147353. Is g(0) a composite number?
False
Let u = 95500 + 41401. Is u composite?
True
Suppose -260*g = -52*g - 25805936. Is g prime?
True
Let l = 206 + -201. Suppose 5*v - l = 0, -2*v - 26866 = -5*d + d. Is d a prime number?
False
Let s(m) = -87195*m - 6856. Is s(-5) prime?
True
Let q = -81554 + 179541. Is q a prime number?
True
Let o(k) = -2308*k**2 - 28*k + 65. Let l be o(3). Let y = -198 - l. Is y a composite number?
False
Let y be (12 - 42)/(4/(-2)). Let t be 10/y*(-270)/(-4). Suppose -3*s - t = -6*s. Is s composite?
True
Suppose 3952 = -3*s + 8*j + 70479, 20 = 4*j. Is s composite?
False
Suppose 0 = 4*i - 2838 - 100902. Let o(c) = -c**3 - 11*c**2 + 11*c - 12. Let k be o(-12). Is 2/12 + i/18 + k a composite number?
True
Let a be -2736*((-27)/(-36) - 1/(-4)). Suppose -x + 4 = 0, 2*x = 3*b + 1314 - 17341. Let z = b + a. Is z prime?
True
Let a(g) = 18*g**3 - 47*g**2 - 17*g**3 - 50*g + 17 + 67*g**2. Let p be ((-22)/8)/(1*6/48). Is a(p) a prime number?
True
Suppose -b = 2*q - q - 2, q = -2. Suppose 3*m + 2*m - 7200 = -5*n, b*m = -3*n + 4317. Suppose -3*k + 5807 = y, 5*k + y - 11124 + n = 0. Is k prime?
False
Suppose -c = -2*g - 9777, 4*c + 2*g = -19645 + 58773. Suppose n - 3249 = -5*k, 7*n - 2*k - c = 4*n. Is n a prime number?
True
Is 2 + 11 + 1 + 3285 prime?
True
Suppose -55*j + 4611092 + 627989 = 630576. Is j a prime number?
True
Let f(a) = -a**3 + 13*a**2 - 7*a + 10. Let s be f(14). Let x = 2385 + s. Is x composite?
True
Let p = -409 - -176. Let m = p + 316. Is m prime?
True
Let l = 118 - 116. Suppose 6921 = 3*a + 3*s, -1618 - 5328 = -3*a + l*s. Suppose 2*n = n + 4*b + 2337, 0 = -n - b + a. Is n a composite number?
True
Suppose -4*r + 4*l = -4, -39 = -4*r - 0*l - 3*l. Suppose m + 2*u = 89, -5*m + 232 = 3*u - 178. Suppose 0 = r*v - 1021 + m. Is v composite?
False
Let j be (-147)/(-6) - (-3)/(-6). Is (36/j)/(12/728072) a prime number?
True
Suppose 77*y - 18 = 68*y. Suppose -5*f + 83487 = -y*f. Is f a prime number?
False
Let o = -18 + 22. Suppose 3*x + 40 = 8*x. Suppose -x*g = -o*g - 1784. Is g a composite number?
True
Suppose 0*k - 4*k + 28 = -3*o, -2*k - 3*o = 4. Is k + 4980/9 - 1/3 a composite number?
False
Let w(v) be the third derivative of 11*v**5/60 - 7*v**4/24 - 17*v**3/6 + 20*v**2. Let d be w(-11). Is d + -2*(2 + -3) composite?
True
Let p = 183 + -195. Let w(b) = 34*b**2 - 19*b - 47. Is w(p) a composite number?
False
Let l = -3736 + 24243. Is l prime?
True
Let u(l) = l**2 + 9*l - 29. Let z(k) = 2*k**2 + 18*k - 58. Let d(b) = -11*u(b) + 6*z(b). Let q be d(-12). Suppose 12*p - q*p = 1630. Is p composite?
True
Let u be (9/6 - 1)*0. Suppose x - 5*x = -b - 5, 0 = 5*b - 4*x - 7. Suppose u = 5*j + 2*i - 641, -j - i = -b*j + 251. Is j a composite number?
False
Let s be ((-2)/(-6))/(2/12). Let v be 20 + -26 - 7/((-14)/204). Suppose -s*r = 4*a - 274, -5*a + 181 = 2*r - v. Is r composite?
False
Let j(z) = z**2 + z. Let p(n) = -1. Let l(d) = 16*d + 11. Let r(v) = l(v) - 6*p(v). Let i(y) = 2*j(y) - r(y). Is i(-8) composite?
False
Let s = 265793 - 188602. Is s a composite number?
False
Suppose -5*r + 326777 = -5*d + 9*d, 28 = -4*r. Is d prime?
True
Let n be (3 + -4)*(0 + -2). Suppose 2*t - 3654 = 4*h, h = 3*h + n*t + 1812. Let y = -124 - h. Is y a prime number?
True
Suppose -55*z + 56*z + 4 = 0, -z = -3*p + 526867. Is p prime?
True
Let r = 8624 - -260187. Is r prime?
True
Suppose 6*x + 3*x - 45 = 0. Let b(w) = 33*w**3 - 2*w**2 - 7*w + 9. Is b(x) a prime number?
True
Let y(t) = 4*t**2 - 5*t + 3425. Let s(i) = 8*i**2 - 9*i + 6852. Let z(m) = 4*s(m) - 7*y(m). Is z(0) a composite number?
False
Let x(i) = 4*i + 31. Let u be x(-7). Suppose l - 75 = 3*b + 357, u*l + 4*b - 1244 = 0. Is (2/(-9) - 21/27) + l prime?
True
Let c(t) = 16*t**2 + 251*t - 417. Is c(-28) prime?
True
Suppose 45*g = -3*w + 50*g + 4207, -w = -5*g - 1389. Is w a prime number?
True
Let j(k) be the first derivative of k**3/3 - 4*k**2 + 3*k - 13. Let v be j(5). Is -326*2/v*3 a prime number?
True
Let a = 44 + -43. Is 6/a + 8460 + -1 + -7 prime?
False
Let q = -17812 + 31335. Is q a composite number?
False
Suppose 3 = 5*o - 7*o - q, 2*o + 2*q + 4 = 0. Is 1 + 4292 - (-1 - -3)*o composite?
True
Let a = 52874 - 33345. Is a a prime number?
False
Suppose -1101*g = -1115*g + 474540 + 33002. Is g a composite number?
True
Let j(t) = -29*t - 5. Suppose p = -3*p - 116. Let g be (-31 - p)*-2*(-2)/4. Is j(g) a composite number?
False
Suppose -164155*s + 4665951 = -164128*s. Is s prime?
False
Is (4 - -193565 - 0)*5*(-4)/(-60) a composite number?
True
Let q = 658 + -696. Let c(l) = l**3 + 49*l**2 + 39*l - 33. Is c(q) composite?
False
Suppose -8*g + 34 = 9*g. Suppose w - d - 1601 = d, 3*w - 4787 = -g*d. Is w composite?
False
Suppose 28*m - 134*m - 1433150 + 10856232 = 0. Is m composite?
False
Let p(u) = u**3 + 13*u**2 + u - 10. Let i be p(-13). Let o = 6 - i. Suppose -418 = -3*n + o. Is n prime?
True
Let q = -497955 + 790582. Is q prime?
True
Let p = 39 - 37. Let d be -1009 + -6 + (-3 - 0/p). Let w = -625 - d. Is w a prime number?
False
Suppose -20*v - 24635992 = -120*v - 36*v. Is v a prime number?
False
Suppose 2*u + 5*r = 138392 + 231999, 5*r - 185178 = -u. Is u prime?
False
Let v(m) be the third derivative of 209*m**4/4 + 61*m**3/6 - 21*m**2. Is v(4) a composite number?
False
Let y be 4/6 - (-26)/6. Let n = 21 + 983. Suppose -n = -y*v + v. Is v prime?
True
Let y(w) = 29696*w - 22667. Is y(29) a composite number?
False
Suppose 3*z = 0, -2*x + 6*z + 1618 = 11*z. Let g = x + 408. Is g composite?
False
